-1760
In base 9, what is 52422 + -101?
52321
In base 13, what is -8b0 + -478?
-1058
In base 7, what is -1 + -1356354?
-1356355
In base 14, what is -2 - -22c11?
22c0d
In base 11, what is 51 - -277?
318
In base 2, what is 1011110101111111 + 0?
1011110101111111
In base 10, what is -1 + -995?
-996
In base 14, what is -2463 + -3?
-2466
In base 15, what is 1 + -79d?
-79c
In base 9, what is -1625602 - 11?
-1625613
In base 11, what is 0 + -134051?
-134051
In base 13, what is -6038b - -5?
-60386
In base 15, what is 494 - -2a7?
74b
In base 10, what is -222726 + 0?
-222726
In base 2, what is -1111001100011010 + -10?
-1111001100011100
In base 11, what is 3a7 - -113?
50a
In base 14, what is 55 + -15b5?
-1560
In base 12, what is -1 + 747a?
7479
In base 15, what is -19 + 2a62?
2a48
In base 15, what is -318 + -81?
-399
In base 3, what is -11211 - -122212?
111001
In base 11, what is 17 + -aa?
-93
In base 3, what is 22021011 - 100221?
21220020
In base 10, what is -2893 + -3?
-2896
In base 11, what is 8597 + -58?
853a
In base 8, what is -14 + -6254?
-6270
In base 14, what is -4 + 2698a?
26986
In base 3, what is 1 + -12021201211?
-12021201210
In base 3, what is -122012 - -2022221?
1200202
In base 6, what is 104 + -103523?
-103415
In base 2, what is 1 + -11010000101000?
-11010000100111
In base 14, what is 165 + 1123?
1288
In base 12, what is -3 + -1344?
-1347
In base 10, what is 237 - 6619?
-6382
In base 6, what is -4 - -32133502?
32133454
In base 2, what is -1000000011001 + 10?
-1000000010111
In base 2, what is -1110 + -1010000000101011?
-1010000000111001
In base 14, what is -56392 - -3?
-5638d
In base 7, what is -13366 - -6?
-13360
In base 14, what is 82 - 184?
-102
In base 12, what is -2 + 623?
621
In base 2, what is -11 - -1000010100000001100?
1000010100000001001
In base 16, what is 5 + 18bed?
18bf2
In base 3, what is -11 - 2200220011?
-2200220022
In base 5, what is 111 - 1321401?
-1321240
In base 5, what is 122 - 343?
-221
In base 5, what is 3 + 1043101?
1043104
In base 10, what is -2 - -12438?
12436
In base 10, what is -1206 - -1415?
209
In base 2, what is 1110 + -1000010101011111100?
-1000010101011101110
In base 4, what is 12 - -1310003?
1310021
In base 2, what is 1101000001110101 + 1000011?
1101000010111000
In base 8, what is 2064620 - 3?
2064615
In base 9, what is -32 + -462?
-504
In base 5, what is 40 + -112413?
-112323
In base 10, what is -7443 - 11?
-7454
In base 11, what is -10153 - 4?
-10157
In base 6, what is -1330100 - 3?
-1330103
In base 9, what is 415 - -208?
624
In base 10, what is 1 - 58202?
-58201
In base 11, what is 125 - -1187?
1301
In base 16, what is -21 + -1a85?
-1aa6
In base 11, what is 0 - -526?
526
In base 4, what is -231 - 10000?
-10231
In base 4, what is 2 - 31100302?
-31100300
In base 10, what is 37 + 1159?
1196
In base 15, what is -2 + -12443?
-12445
In base 15, what is -67 - 3b?
-a3
In base 11, what is 148 - 358?
-210
In base 16, what is 25 + -5df?
-5ba
In base 5, what is 32020 - -230?
32300
In base 14, what is -8bad3 + 19?
-8bab8
In base 4, what is -13320 + 231012?
211032
In base 3, what is 10 - -2211020122?
2211020202
In base 6, what is -2152 + 42115?
35523
In base 6, what is 0 + 104400?
104400
In base 3, what is 11010 - 220?
10020
In base 10, what is -9 + 2870?
2861
In base 14, what is d6 + 454c?
4644
In base 13, what is 410c6 + 2?
410c8
In base 5, what is 3 - 2142020?
-2142012
In base 13, what is -87773 - 13?
-87786
In base 6, what is 2125 - -210254?
212423
In base 7, what is -64 - 364?
-461
In base 14, what is 42 - 13bd6?
-13b94
In base 4, what is -20001213 - 2?
-20001221
In base 15, what is -5 + 1c2a?
1c25
In base 7, what is 432111 - -1?
432112
In base 8, what is 2665 + -21?
2644
In base 8, what is -4132754 + 0?
-4132754
In base 10, what is -4 - -4466?
4462
In base 14, what is 768 - 34?
734
In base 8, what is -21260 - -3?
-21255
In base 5, what is 24032 + 103?
24140
In base 14, what is 15 + 584?
599
In base 8, what is 164011 - 0?
164011
In base 15, what is 102d3 - -3?
102d6
In base 8, what is -21732 + 5?
-21725
In base 9, what is -274154 + 6?
-274147
In base 12, what is 102b - 1808?
-799
In base 10, what is -274 - -378?
104
In base 15, what is -4 + -780?
-784
In base 8, what is -5402707 - 4?
-5402713
In base 16, what is 3 + -d8c?
-d89
In base 14, what is 757 - 11d?
638
In base 6, what is -2234231 - -22?
-2234205
In base 15, what is 2eec - 9?
2ee3
In base 4, what is 212323112 + 3?
212323121
In base 15, what is -6 - -1913?
190c
In base 6, what is 200 - 145?
11
In base 16, what is -2 - cea6b?
-cea6d
In base 15, what is 0 + -53e8c?
-53e8c
In base 5, what is 10 + 111031210?
111031220
In base 6, what is 152 - -120550?
121142
In base 16, what is -26 + -1442?
-1468
In base 15, what is -1ea - 303?
-4ed
In base 6, what is -51 + -11511?
-12002
In base 2, what is 101010000100110 + 101?
101010000101011
In base 12, what is 5 - 167a78?
-167a73
In base 10, what is 7203 + -180?
7023
In base 5, what is 211023 - -24?
211102
In base 11, what is 11a0 + -16a?
1031
In base 10, what is -7389 - -15?
-7374
In base 13, what is 4367a - 4?
43676
In base 6, what is 2255 + 20301?
23000
In base 15, what is 6c72 + 7?
6c79
In base 7, what is -444 - -436?
-5
In base 8, what is 31575 + 21?
31616
In base 6, what is 13115145 - 4?
13115141
In base 2, what is -1011100010 + -11011111?
-1111000001
In base 13, what is 36 - 10a0?
-1067
In base 4, what is 220100 - -3?
220103
In base 8, what is -2 - -615150?
615146
In base 11, what is 0 - 3647?
-3647
In base 9, what is -2 - -14074?
14072
In base 12, what is 8690 + -5?
8687
In base 2, what is -10111110010010010 - 11?
-10111110010010101
In base 13, what is 5 - 5198?
-5193
In base 13, what is 28990 - 3?
2898a
In base 5, what is -4 + 23140220?
23140211
In base 9, what is 1358 - -88?
1457
In base 8, what is 37574 - 25?
37547
In base 15, what is -50 - 2d8?
-338
In base 2, what is 101101110 + 1011000?
111000110
In base 15, what is -82e9 - -2?
-82e7
In base 14, what is -8b9a - 0?
-8b9a
In base 7, what is 40 - 21232?
-21162
In base 2, what is 100010111011 + -110010100?
11100100111
In base 4, what is -11 + -3322100?
-3322111
In base 10, what is 1 - -900460?
900461
In base 9, what is -240012 - 5?
-240017
In base 13, what is 5 - -32c8?
3300
In base 3, what is 21001200 - 0?
21001200
In base 15, what is -1 - 331b5?
-331b6
In base 11, what is 4 + -90a?
-906
In base 13, what is -4 - -253c?
2538
In base 10, what is 1459 - -425?
1884
In base 4, what is -3 + -3020312?
-3020321
In base 13, what is 4 + -206219?
-206215
In base 14, what is -9566 + 2?
-9564
In base 15, what is -5d - -3d3?
375
In base 14, what is -19616 - 16?
-1962c
In base 7, what is 0 - -3155432?
3155432
In base 3, what is -201120 - -10111?
-121002
In base 7, what is -1122213 - 3?
-1122216
In base 11, what is -12367 - -48?
-1231a
In base 5, what is -12044143 - -11?
-12044132
In base 8, what is 6 + 31634?
31642
In base 14, what is -9dcb + 36?
-9d95
In base 13, what is -16 + b336?
b320
In base 2, what is -11011001 - 110000100110?
-110011111111
In base 9, what is 141 - -216?
357
In base 16, what is 64 + 13e?
1a2
In base 6, what is -10 - -1102344?
1102334
In base 10, what is 5 + -800?
-795
In base 16, what is -94c5 - 5?
-94ca
In base 8, what is -33510 + 12?
-33476
In base 9, what is 1046863 - 4?
1046858
In base 9, what is 3473 + -12?
3461
In base 6, what is -2 - -1230305?
1230303
In base 8, what is -15111573 + -2?
-15111575
In base 11, what is 54 + -47a?
-426
In base 15, what is -26 + be1e?
bde8
In base 10, what is 4 + 14565?
14569
In base 4, what is -110 - -1230021?
1223311
In base 3, what is 111210 + 11?
111221
In base 4, what is 20223310 + 23?
20223333
In base 3, what is -10102210122 + -1?
-10102210200
In base 3, what is 201011 - 201100?
-12
In base 7, what is 32566 - -432?
33331
In base 13, what is -3a879c + -2?
-3a87a1
In base 16, what is -496 + 33a?
-15c
In base 7, what is 1033061 + -1?
1033060
In base 2, what is -10110 - 1000110010001?
-1000110100111
In base 4, what is -1 - -10303001?
10303000
In base 13, what is 4 + 66c1?
66c5
In base 11, what is -5 - 1a041?
-1a046
In base 16, what is -4c52 + -2?
-4c54
In base 14, what is -20 - 4719?
-4739
In base 7, what is 1003351 - 4?
1003344
In base 14, what is -221370 - -1?
-22136d
In base 4, what is -23110010 - 10?
-23110020
I